et y(i) = -3*i**3 - 7*i**2 - 4. Let c(p) = f*y(p) + 4*w(p). Suppose 1 + 2 = -3*q. What is c(q)?
4
Let h(k) = 33*k**2 - 25*k + 29. Let d(u) = -19*u**2 + 12*u - 13. Let n(c) = -7*d(c) - 4*h(c). What is n(-19)?
32
Let f(p) be the third derivative of -p**5/60 - 7*p**4/12 - 9*p**3 + 187*p**2 - 2. Let h be f(-7). Let q(k) = -2*k**2 - 5*k + 7. Calculate q(h).
-18
Let q be (54/15)/2*(260/6)/(-13). Let c(u) = u**2 + 10*u. Let d(f) = 2*f**2 + 19*f - 1. Let b(z) = -5*c(z) + 3*d(z). Calculate b(q).
-9
Let x(c) = -3*c - 1. Suppose 9*w - 74 = 34. Suppose -5*i = -i - w. What is x(i)?
-10
Let g(q) = -q**3 + 13*q**2 + q - 12. Suppose -5*s + 676 = a, -7*a - 2*s + 1989 = -4*a. Let l = a + -648. Determine g(l).
1
Let y(i) = i**3 + 21*i**2 - 73*i - 20. Let o be ((-56)/(-16))/(-1)*(-528)/(-77). Calculate y(o).
4
Let c(l) = -6*l + 112. Let j be c(18). Let f(g) = j*g**2 - 10*g**2 - 30125*g**3 + 30124*g**3 + 6. Determine f(-6).
6
Let c(d) be the second derivative of d**3/3 - 5*d**2/2 - d. Let f be (-16)/(-3)*(-495)/(-12). Let p = -216 + f. What is c(p)?
3
Let l(h) be the first derivative of h**4/4 + 5*h**3/3 + 7*h**2/2 + 7*h - 16111. Let p(o) = o + 4. Let g be p(-8). Determine l(g).
-5
Let q = -28 - -28. Let a = 17 + 19. Let j(i) = -5 - a*i**3 + 70*i**3 + 3 - 33*i**3. What is j(q)?
-2
Let v(c) = 8*c. Suppose 3*u + 14*t - 17*t = 0, -2*u + 3*t + 7 = 0. Determine v(u).
-56
Suppose 2*c + 6 = 2*l + 3*c, -3*l = -3*c + 9. Let w(f) be the second derivative of 62 + 1/2*f**2 - 1/4*f**4 + 3*f - 1/3*f**3. Give w(l).
-4
Let x(d) = -d**2 - 7*d + 8. Let u(p) = -p. Let f(b) = 6*u(b) - x(b). Let r be ((-38)/3 + 72 + -62)/(8/12). Calculate f(r).
4
Let r(k) = -13*k - 51. Let c(z) = -14*z - 69. Let m(s) = -6*c(s) + 7*r(s). Calculate m(9).
-6
Let t(q) = 15*q - 1. Let z = 538 - 536. Suppose y + 4 = 0, 0 = z*h + 2*y + 6. Give t(h).
14
Let x(d) be the second derivative of d**3/6 - 3*d**2/2 - 4*d + 2. Let l(v) = -2*v + 4. Let g be l(1). Suppose a + 4 = -2*n + 3*a, -g*n = 3*a + 24. What is x(n)?
-9
Let u(t) = -15*t - 20*t - 10 - 1 + 28*t. Let f(k) = k. Let c(b) = -6*f(b) - u(b). Calculate c(-9).
2
Let a(b) = 4*b**2 - 5*b - 4. Let k(w) = 3*w**2 - 5*w - 3. Let i(f) = 2*a(f) - 3*k(f). Let s be 2008/28 + (-9)/(126/(-4)). Suppose s = -u + 19*u. What is i(u)?
5
Let d = -245 - -248. Let r(n) = -1 - 3*n**d - 9 - 13*n + 2*n**3 + 8 - 14*n**2. Determine r(-13).
-2
Let c(h) = h + 19. Let n(v) = -5*v - 17. Let a(m) = -5*c(m) - 6*n(m). What is a(-4)?
-93
Let r(m) = 12 + 3*m**2 + 20 - 10*m**2 - m**3 - 5*m**2 - 5 - 9*m. What is r(-11)?
5
Let v(w) = 5*w + 5 - 5 + 0*w. Suppose 5*l - 37 = -2. Suppose -2*n = -2*b - 6, 4*b + l = 3*n - 4. What is v(n)?
5
Let i(u) = 16*u + 751. Suppose 4*n + 189 = v, -19*v + 46 = -n - 20*v. Give i(n).
-1
Let k(c) = 3*c - 4. Let s = -100 - -98. Let i be (21 + -37)/(-1*1*s). What is k(i)?
-28
Let u(a) = 13 + 170*a**2 - 490*a**2 + 3 + 161*a**2 + 166*a**2 - 92*a. Determine u(13).
3
Let f(d) = -3*d + 18*d + 1 - 6*d**2 - 3*d + 3 - 15*d. Give f(-2).
-14
Let m(q) be the second derivative of 1/4*q**4 - 5/6*q**3 + 0 + 3*q**2 - 22*q + 1/20*q**5. Determine m(-5).
-19
Let z(l) = 6*l - 18. Let a(d) = -7*d + 21. Let m(n) = -5*a(n) - 6*z(n). Let f be (0 + -26)*3/(-6). Let v = f - 9. Determine m(v).
-1
Suppose 1201 = 3*d - 4*y, 0 = 6*y - 3*y - 6. Let a = 401 - d. Let r(b) = -b**2 + b - 3. Give r(a).
-9
Let l(i) be the first derivative of -7*i**5/120 + 37*i**3/3 + i**2/2 - 122. Let s(q) be the third derivative of l(q). Give s(-1).
7
Let y(g) = g**2 + 89*g + 661. Let p be y(-8). Let n(x) = -8 - x + 2*x + 0. Give n(p).
5
Let s = -151 - -146. Let j be s/3*(-15)/25. Let r(a) = 12*a - 4. Give r(j).
8
Let m(s) = -3*s**2 - 3*s - 1. Let f be (-3)/(-4) - (0 + (-23)/(-4)). Let i(n) = 4*n**2 + 3*n + 1. Let t(u) = f*i(u) - 4*m(u). Calculate t(-2).
-27
Let l = -273 - -273. Let n(s) be the third derivative of 4*s**2 + 0*s + 1/6*s**3 - 5/24*s**4 + l. What is n(1)?
-4
Let z(s) = s**3 + 8*s**2 - 3*s - 11. Suppose -14*y - 840 = -20*y. Let w = -148 + y. Determine z(w).
13
Let l(b) = -3 - 3*b + 4*b - 2*b. Suppose 3*c - 7 - 17 = 0, 0 = -s - 5*c + 28. What is l(s)?
9
Let y(f) = -f - 20. Let z(b) = 6*b + 118. Let k be z(-15). Suppose -24*h = -k*h - 76. Calculate y(h).
-1
Let g(q) = -7*q - 2. Suppose -5*r + 14 = 2*d, 1 = r - 1. Let j(h) = -2*h + 1. Let b(l) = d*j(l) - g(l). Calculate b(-3).
-5
Let n(l) = 68 - 674*l + l**3 - 9*l**2 - 19 - 672*l + 1330*l. Determine n(10).
-11
Let r = -490 - -490. Let g(c) = 27*c - 20*c - 9*c + 1 + 6*c**2 + r. Determine g(1).
5
Let q(u) = -54*u - 213. Let i(n) = -8*n - 5. Let f(r) = -9*i(r) + q(r). What is f(10)?
12
Let x = 3560 - 3560. Let m(k) be the third derivative of 1/8*k**4 + 1/6*k**3 - 1/60*k**5 + x + 0*k - 10*k**2. Calculate m(5).
-9
Suppose 4*h = 2*z + 8, -33 = -5*z - 5*h + 22. Let b(k) = -k + z*k**2 - 18*k + 19*k. Determine b(-2).
24
Suppose -x - 3 = -8. Suppose 3*a = 2*q - 33, -3*q + 33 = q + x*a. Suppose -4*f + q = -7*f. Let d(o) = -2*o - 5. Calculate d(f).
3
Let m(t) be the second derivative of t**3/2 + 3*t**2/2 - 70*t - 1. Suppose r + 2 = -4. Let h(u) = -u - 1. Let l(b) = r*m(b) - 17*h(b). Give l(5).
-6
Let b(j) = -13396*j + 1 - 13407*j + 26811*j + 11. What is b(3)?
36
Suppose 0 = 3*w - 3*l - 18, -5*l = -35*w + 40*w. Let z = 2 - -1. Let h(b) = -5*b - 3. Let t(n) = 5*n + 4. Let s(p) = z*h(p) + 2*t(p). Determine s(w).
-16
Suppose 0 = 2*a + 6, -45 = -4*v + v - 5*a. Suppose 7*y = -v + 34. Let k(l) = -5*l**2. What is k(y)?
-20
Let f(x) be the third derivative of x**6/24 - x**5/20 - x**4/8 - x**3/3 + 2*x**2 - 207*x. What is f(-1)?
-7
Let z(n) be the first derivative of -1/2*n**2 + 2*n + 90. Determine z(1).
1
Let g(t) = -t - 8. Let x be g(-8). Suppose x = -2*u - 3*u. Let l(z) be the second derivative of z**3/6 + 7*z**2/2 - 4*z. Determine l(u).
7
Let a(m) = -m**3 + 18*m**2 + 38*m + 40. Let s be a(20). Let w be 1*(s - (6 + -8)). Let p(o) = o**3 - o**2 + 2*o - 3. Give p(w).
5
Let v = 127 - 95. Suppose 14*m = -2*m + v. Let l(q) = 5*q**3 - 2*q**2 + q - 1. Determine l(m).
33
Let b(q) = 11*q. Let c(a) = -4*a - 3. Let r(m) = 3*b(m) + 4*c(m). Determine r(5).
73
Let d(c) = -c + 2. Let o(t) = -t. Let k(p) = 4*d(p) - 5*o(p). Suppose 212*j + 4 = 211*j. Determine k(j).
4
Let c(u) = -u**2 + 29*u + 1206. Let r be c(-23). Let a(n) = 5*n - 42. Give a(r).
8
Let j be (-20)/80*-8 + 4. Let x(u) = -4*u**2 + 26*u - 24. Calculate x(j).
-12
Let d(v) = -v**3 - 5*v**2 + 2*v - 2. Let f(q) = -q**3 - 20*q**2 + 72*q + 618. Let b be f(-22). Give d(b).
-26
Let s(h) be the second derivative of -1/2*h**3 + 0 + 279*h + 5/2*h**2. Calculate s(6).
-13
Let i(y) = 2*y**2 + 13*y - 1. Let l(t) = -t**2 - 22*t + 21. Let v(s) = -2*i(s) - 2*l(s). Calculate v(12).
-112
Let n(s) = s**3 - 7*s**2 - 45*s + 10. Let m be (-38)/(380/(-55))*4/2. Calculate n(m).
-1
Let g(b) = -b + 5. Let f(r) = -2*r**2 - 4*r - 3. Let x be f(-3). Let j be (12/(-8)*6/x)/1. Suppose 29 = 4*h + j. Give g(h).
-2
Let r be (-14 + 144/12)*4/2. Let s(k) = k**3 + 6*k**2 + 8*k + 5. Give s(r).
5
Suppose 0 = -5*t - t - 270. Let v be (-10)/8*10*(-36)/t. Let a(q) = q + 15. Calculate a(v).
5
Suppose 12*b - 23*b = 44. Let h(p) = 15*p + 29. Give h(b).
-31
Let r(v) = -62*v + 491. Suppose -181*d - 155*d = 7*d - 2744. Calculate r(d).
-5
Let c(u) be the first derivative of -7*u**2/2 + 24*u + 5399. What is c(5)?
-11
Let y(m) be the third derivative of -m**5/60 + 5*m**4/8 - 2*m**3 + 6*m**2 - 5. Calculate y(12).
24
Let o(j) = -j - 2. Suppose 2*p + 4 = 5*u, -u + p + 2*p - 7 = 0. Suppose -w - 5*i - 17 = 0, u*w - 9*i + 7*i = -10. Calculate o(w).
5
Let a(q) be the third derivative of q**5/60 - q**4/2 - 2*q**3/3 + q**2. Let v(c) = 32*c**2 + 4*c - 486. Let x be v(-4). Determine a(x).
-24
Let p(c) = 8*c - 48. Let x = -14726 + 14739. Determine p(x).
56
Let c(i) be the first derivative of 17*i**2 + 9*i + 28. Determine c(1).
43
Let t(s) = 9*s + 139688 - 3*s - 139670. What is t(-12)?
-54
Suppose 12 = -3*l - 3*y + 6, -25*y = 3*l - 148. Let h(a) = a**3 + 11*a**2 + 21*a - 3. Determine h(l).
-30
Let v(o) = -o**2 + 4 - 4. Let z = -19326 - -19323. Calculate v(z).
-9
Let u(b) = -b**3 + b - 34. Suppose -3*x - 11*f + 10*f = 0, -x + 6*f = 0. Give u(x).
-34
Suppose -11 + 34 = -d. Let w(o) = -491 + 213 - 2*o + 172 - o**2 - 19*o + 154. Give w(d).
2
Let i(f) = -12*f - 1 + 0 + 0. Let a be (-1 + (-7)/(-7))